ided by (-1)/(-2)*126/9.
5
Suppose 13*c - 12*c = 3. What is the remainder when (-6)/(-21) + 26/7 is divided by c?
1
Suppose -5*s - 3 = -23. Suppose 0 = -3*q - 3, 3*t = q - 5*q - s. Suppose 3*a + 13 = v, t = 3*v + v - 3*a - 25. Calculate the remainder when 11 is divided by v.
3
Suppose -4*h + 3*f + f - 88 = 0, 0 = -f. Let k = -76 - -45. Let m = h - k. Calculate the remainder when 16 is divided by m.
7
Let k = 42 - 0. Calculate the remainder when k is divided by 16.
10
Let y = -25 + 38. What is the remainder when 49 is divided by y?
10
Let f(y) = 2*y**2 + y**2 - 2*y + 3 - 2*y**2. Let r be f(2). Suppose 0 = -r*n + j + 3, n = 2*j - 7*j + 17. Calculate the remainder when 5 is divided by n.
1
Suppose v + 5*z - z - 40 = 0, 2*v = -4*z + 64. Calculate the remainder when 59 is divided by v.
11
Suppose h + o - 60 = -h, 4*o + 16 = 0. Calculate the remainder when h is divided by 0 - 0 - -1 - -10.
10
Let d(i) = 4*i - 5. Suppose 0 = y + 4*g - 4, 0 = -4*y - 2*g - 3*g + 16. Let t be d(y). Calculate the remainder when 13 is divided by -6 + 4 - (1 - t).
5
Suppose -4*n + 0*n + 12 = 0. Calculate the remainder when 4 is divided by n.
1
What is the remainder when 4 is divided by (-2)/(6/15) + 7?
0
What is the remainder when 34 is divided by -12 + 29 - (1 - 2)?
16
Let k = 5 - 3. Suppose 96 = 5*t - 4*g, -7*t = -k*t - 2*g - 98. Suppose -3*p + 2*n = -41 - 70, 102 = 3*p - 5*n. Calculate the remainder when p is divided by t.
19
Let v = -18 + 9. Let m = v + 13. What is the remainder when 13 is divided by m?
1
Suppose -2*o = -2*f - 188, -3*o - 411 = f + 3*f. Let j = -67 - f. Calculate the remainder when 94 is divided by j.
30
Let x = 35 + -26. What is the remainder when 30 is divided by 20/20*(-1 + x)?
6
Let a = 3 + -1. Let c = 15 + -22. What is the remainder when c*(-4)/(-56)*-4 is divided by a?
0
Suppose 3*x + x - 5*q - 139 = 0, -4*x + 3*q = -141. Calculate the remainder when x is divided by 20.
16
Suppose 5*s + 0*h - 10 = 2*h, -s + 2 = -2*h. Suppose -y = s*u + u - 35, 0 = -5*y - 3*u + 139. What is the remainder when y is divided by 14?
12
Let w(l) = 5*l**2 + 6*l - 10. Calculate the remainder when 209 is divided by w(3).
50
Let m(b) = -b**2 + 12*b - 6. Let q be m(11). Suppose -q*v - 3*d + 312 = 0, 4*d = 2*v - d - 100. Calculate the remainder when v is divided by 21.
18
Let u(f) = f**2 + 4*f - 2. What is the remainder when ((-20)/6)/((-4)/66) is divided by u(3)?
17
Suppose h = 2*h - 58. Let g(t) = -t**3 + 13*t**2 - t + 25. What is the remainder when h is divided by g(13)?
10
Suppose 0 = 8*w + 12*w - 260. Suppose 5*g = 478 - 38. Suppose 0 = -4*b + 60 + g. What is the remainder when b is divided by w?
11
Suppose -2*c = -4, -3*r - 2*r = -5*c - 40. Suppose j = 5 + r. What is the remainder when j is divided by 6?
3
Let q be 43*(1 + 2/(-1)). Let z = -31 - q. Suppose -58 = -4*b + 30. What is the remainder when b is divided by z?
10
Let j = 90 + -68. Calculate the remainder when j is divided by 4.
2
Calculate the remainder when 1294/14 - 12/28 is divided by 32.
28
Let o(i) = i**3 - 7*i**2 - 10*i + 5. Let c be o(8). Let w = 10 - c. Let j = 12 - 1. Calculate the remainder when w is divided by j.
10
Let c(q) = q**3 - 14*q**2 - 16*q + 23. What is the remainder when 35 is divided by c(15)?
3
Let h be (-9 + 14)/(2/(-4)). Let a = 15 + h. What is the remainder when 9 is divided by a?
4
Let k = -16 - -26. What is the remainder when k is divided by 4?
2
What is the remainder when 55 is divided by (5 + (-30)/12)*6?
10
Let m be 64/(-34) + 18/(-153). What is the remainder when ((-84)/(-8))/(m/(-4)) is divided by (2/(-4))/((-2)/44)?
10
Let m(f) = -6*f + 67. Let o be 0 + 35 + 2 - -2. Let i = o + -2. What is the remainder when i is divided by m(8)?
18
Calculate the remainder when 37 is divided by (17 + -14)*(-10)/(-3).
7
Let f be (-1*14 - -1)*-1. Suppose f - 35 = -2*p. What is the remainder when 460/15 - 1/(-3) is divided by p?
9
Let u(m) = -78*m**3 - m**2 + 1. Let i be u(-1). Suppose 3*d + 5*y - 51 = 0, -5*d + i = -2*y - 38. Let s = d + -7. What is the remainder when 44 is divided by s?
14
Let w(s) = 223*s**2 - 10*s - 10. What is the remainder when w(-1) is divided by 25?
23
Let k(p) = p**2 + p - 23. What is the remainder when k(10) is divided by 30?
27
Let f = -5 - 1. What is the remainder when 27 is divided by 159/12 + f/(-8)?
13
Suppose -4*n + 15 = -3*n. What is the remainder when (172/8)/((-4)/(-8)) is divided by n?
13
Let y = 5 - 11. Calculate the remainder when 39 is divided by 100/7 + y/21.
11
Suppose -2*t - t = -15. Let a(y) = -y**3 + 5*y**2 + y - 3. Suppose -4 = g + 2*l - 16, 5*g = -5*l + 35. What is the remainder when a(t) is divided by g?
0
Let v be (0/2 - 14)*4. Let r(q) = -q**2 - 9*q - 9. Let g be r(-7). Let c = g - v. What is the remainder when c is divided by 21?
19
Let v = -27 + 53. Let h be (-18)/4 + 3/6. Let n = 18 + h. What is the remainder when v is divided by n?
12
Suppose 1 + 5 = 2*x. Suppose 5 = -5*w, 0*q + 59 = x*q + w. What is the remainder when (4 - 1) + (59 - (9 - 6)) is divided by q?
19
Let u = -10 + -9. Let f = -8 - u. Calculate the remainder when 54 is divided by f.
10
Let a = -1907 - -1286. Let x = -46 + 64. Calculate the remainder when 1/4 - a/12 is divided by x.
16
Suppose 0*d = -4*d + 2*w + 62, 0 = -5*d + 2*w + 78. Let a = 2 + d. What is the remainder when 69 is divided by a?
15
Suppose 2*x - 7*x + 20 = 0. Suppose x*p + 4*o + o = -363, 0 = 2*p - 4*o + 188. Let s = -58 - p. Calculate the remainder when s is divided by 12.
10
Let x = -3 + 17. Suppose -921 + 30 = 3*v. Calculate the remainder when v/(-12) + (-2)/(-8) is divided by x.
11
Suppose 0 = -6*o + 8*o - 16. Calculate the remainder when 15 is divided by o.
7
Let y(l) = -l**3 - 5*l**2 - 3*l + 3. Let o be y(-4). What is the remainder when (3 + -2)/(2/10) is divided by 0/o + 0 + 3?
2
Let d be 4/((-3)/((-9)/1)). Suppose 0 = -5*q + 7 - 17, 2*q + d = -4*u. Let x = 14 + u. Calculate the remainder when 22 is divided by x.
10
Let t(a) = -a + 64. Let n be t(0). Suppose -4*g = -n - 124. Suppose 0 = 3*u + 2*h - 58, h = -u - 3*u + 69. Calculate the remainder when g is divided by u.
15
Suppose 61 + 7 = 4*f. Let p = -5 + f. What is the remainder when 22 is divided by p?
10
Let i(t) = -2*t**3 + 30*t**2 + 15. What is the remainder when i(15) is divided by 9?
6
Suppose -5*m - v - 6 - 8 = 0, 3*v - 12 = 3*m. Let j = 8 + m. Calculate the remainder when j is divided by 3.
2
Suppose 63 = 2*n + 23. Let s = n + 5. What is the remainder when 47 is divided by s?
22
Let z = -13 + 27. Calculate the remainder when 40 is divided by z.
12
Suppose 9*l - 7 - 11 = 0. Calculate the remainder when l is divided by 2.
0
Let a = 71 + -46. What is the remainder when a is divided by 14?
11
Suppose -2*f = 5*i - 27, -5*i + 11 = 2*f - f. What is the remainder when f is divided by 6?
4
What is the remainder when 48 is divided by (-106)/(-6) - -6*5/(-45)?
14
What is the remainder when 464/18 + 18/81 is divided by 10?
6
Let o(t) = t**3 + 4*t**2. Suppose 4*z + 11 = -5. Let g be o(z). Let q(c) = c**3 + 12. Calculate the remainder when q(g) is divided by 7.
5
Suppose 2*y - 35 - 26 = 3*p, 0 = -5*y - 4*p + 95. Calculate the remainder when y is divided by 9.
5
Let m be 3*(2 + 14/(-6)). Let z be 3/(-6)*(-27 - m). Suppose l - z = -2*k - 0*k, k = -2*l + 26. Calculate the remainder when 38 is divided by l.
12
Suppose 3 = -4*j + 3*l + 31, -3*l = 5*j - 62. What is the remainder when 23 is divided by j?
3
Let u = 11 - 4. Suppose -l - 35 = -5*p + 4*l, l + 28 = 4*p. Suppose -v + 5 + p = 0. What is the remainder when v is divided by u?
5
Suppose -a + 4*w + 8 = 0, -5*w + 18 + 23 = 3*a. Suppose -d + 15 = -a. Suppose -3*j = -6*j + 42. Calculate the remainder when d is divided by j.
13
Let y = 21 - -54. Calculate the remainder when y is divided by 38.
37
Let y(g) = 2*g - 6. Let q be y(5). Suppose -4*r = 5*a + 6, 3*r + q = -5*a - 3. What is the remainder when (-9)/6*4/(-3) is divided by r?
0
Let a = -108 - -129. Calculate the remainder when 40 is divided by a.
19
Suppose 0 = 5*u - 5*q - 139 + 24, u + 3*q = 15. Suppose 4*a - 2*a - 80 = 0. Calculate the remainder when a is divided by u.
19
Let l(i) = 2*i + 14. What is the remainder when 2 is divided by l(-6)?
0
Let o = -67 + 10. Let t = o - -96. What is the remainder when t is divided by 21?
18
Let c(g) = -2*g - 10. Let u b